{"id":2601,"date":"2018-08-21T11:51:08","date_gmt":"2018-08-21T11:51:08","guid":{"rendered":"http:\/\/cobame.net\/?post_type=portfolio&#038;p=2601"},"modified":"2024-03-25T09:59:41","modified_gmt":"2024-03-25T08:59:41","slug":"comte-borrell","status":"publish","type":"portfolio","link":"http:\/\/cobame.net\/es\/proyecto\/comte-borrell\/","title":{"rendered":"COMTE BORRELL"},"content":{"rendered":"<p>[vc_row][vc_column width=&#8221;2\/3&#8243;][vc_single_image source=&#8221;featured_image&#8221; img_size=&#8221;full&#8221; onclick=&#8221;link_image&#8221;][\/vc_column][vc_column width=&#8221;1\/3&#8243; el_class=&#8221;desc-portafoli&#8221;][vc_custom_heading source=&#8221;post_title&#8221; font_container=&#8221;tag:h1|text_align:left|color:%230a0a0a&#8221; use_theme_fonts=&#8221;yes&#8221;][vc_column_text el_class=&#8221;big&#8221;]<\/p>\n<p class=\"p1\"><span class=\"s1\">Barcelona<br \/>\nReforma interior<br \/>\nArquitectura y Construcci\u00f3n<\/span><\/p>\n<p>[\/vc_column_text][vc_column_text]<\/p>\n<p class=\"p1\"><span class=\"s1\">La reforma de esta vivienda tiene como objetivo una nueva distribuci\u00f3n basada en la divisi\u00f3n de espacios de d\u00eda y espacios de noche, sin perder el car\u00e1cter de los edificios del ensanche barcelon\u00e9s.<\/span><\/p>\n<p class=\"p1\"><span class=\"s1\">La estructura del edificio se compone por muros de fabrica que definen los cuatro espacios; el primero es la sala de estar-comedor con contacto directo con la fachada principal. Por tal de conectar este espacio con el segundo, el espacio de la cocina, se ha realizado un apeo que permite el paso de la luz y la visual pero sin perder la independencia de estos dos espacios.<br \/>\nEn el tercer espacio encontramos dos ba\u00f1os completos, uno de ellos con acceso por la habitaci\u00f3n principal que, juntamente con otra habitaci\u00f3n, configuran el cuarto espacio. <\/span><\/p>\n<p class=\"p1\"><span class=\"s1\">El pavimento y la pintura blanca homogeneizan el espacio. Los z\u00f3calos y las carpinter\u00edas originales aportan el estilo cl\u00e1sico que se buscaba.<br \/>\nEn la cocina encontramos l\u00edneas limpias y minimalistas del mobiliario en contraposici\u00f3n con la obra vista y la baldosa tradicional, enfatizando este objetivo de unir tradici\u00f3n y modernidad y convirti\u00e9ndose as\u00ed en la pieza principal de esta vivienda. <\/span><\/p>\n<p>[\/vc_column_text][\/vc_column][\/vc_row][vc_row][vc_column][vc_gallery type=&#8221;image_grid&#8221; images=&#8221;2608,2609,2610,2611,2612,2613,2614,2615,2616,2617,2618,2619,2620,2621,2622,2623,2624,2625,2626,2627,2628,2629,2630,2631,2632&#8243; img_size=&#8221;300&#215;300&#8243;][\/vc_column][\/vc_row]<\/p>\n","protected":false},"excerpt":{"rendered":"<p>[vc_row][vc_column width=&#8221;2\/3&#8243;][vc_single_image source=&#8221;featured_image&#8221; img_size=&#8221;full&#8221; onclick=&#8221;link_image&#8221;][\/vc_column][vc_column width=&#8221;1\/3&#8243; el_class=&#8221;desc-portafoli&#8221;][vc_custom_heading source=&#8221;post_title&#8221; font_container=&#8221;tag:h1|text_align:left|color:%230a0a0a&#8221; use_theme_fonts=&#8221;yes&#8221;][vc_column_text el_class=&#8221;big&#8221;] Barcelona Reforma interior Arquitectura y Construcci\u00f3n [\/vc_column_text][vc_column_text] La reforma de esta vivienda tiene como objetivo<span class=\"excerpt-hellip\"> [\u2026]<\/span><\/p>\n","protected":false},"author":2,"featured_media":2607,"menu_order":5,"comment_status":"closed","ping_status":"closed","template":"","meta":[],"portfolio-types":[7,8,6],"_links":{"self":[{"href":"http:\/\/cobame.net\/es\/wp-json\/wp\/v2\/portfolio\/2601"}],"collection":[{"href":"http:\/\/cobame.net\/es\/wp-json\/wp\/v2\/portfolio"}],"about":[{"href":"http:\/\/cobame.net\/es\/wp-json\/wp\/v2\/types\/portfolio"}],"author":[{"embeddable":true,"href":"http:\/\/cobame.net\/es\/wp-json\/wp\/v2\/users\/2"}],"replies":[{"embeddable":true,"href":"http:\/\/cobame.net\/es\/wp-json\/wp\/v2\/comments?post=2601"}],"wp:featuredmedia":[{"embeddable":true,"href":"http:\/\/cobame.net\/es\/wp-json\/wp\/v2\/media\/2607"}],"wp:attachment":[{"href":"http:\/\/cobame.net\/es\/wp-json\/wp\/v2\/media?parent=2601"}],"wp:term":[{"taxonomy":"portfolio-types","embeddable":true,"href":"http:\/\/cobame.net\/es\/wp-json\/wp\/v2\/portfolio-types?post=2601"}],"curies":[{"name":"wp","href":"https:\/\/api.w.org\/{rel}","templated":true}]}}

<p>[vc_row][vc_column width=&#8221;2/3&#8243;][vc_single_image source=&#8221;featured_image&#8221; img_size=&#8221;full&#8221; onclick=&#8221;link_image&#8221;][/vc_column][vc_column width=&#8221;1/3&#8243; el_class=&#8221;desc-portafoli&#8221;][vc_custom_heading source=&#8221;post_title&#8221; font_container=&#8221;tag:h1|text_align:left|color:%230a0a0a&#8221; use_theme_fonts=&#8221;yes&#8221;][vc_column_text el_class=&#8221;big&#8221;]</p>
<p class="p1"><span class="s1">Barcelona<br />
Reforma interior<br />
Arquitectura y Construcción</span></p>
<p>[/vc_column_text][vc_column_text]</p>
<p class="p1"><span class="s1">La reforma de esta vivienda tiene como objetivo una nueva distribución basada en la división de espacios de día y espacios de noche, sin perder el carácter de los edificios del ensanche barcelonés.</span></p>
<p class="p1"><span class="s1">La estructura del edificio se compone por muros de fabrica que definen los cuatro espacios; el primero es la sala de estar-comedor con contacto directo con la fachada principal. Por tal de conectar este espacio con el segundo, el espacio de la cocina, se ha realizado un apeo que permite el paso de la luz y la visual pero sin perder la independencia de estos dos espacios.<br />
En el tercer espacio encontramos dos baños completos, uno de ellos con acceso por la habitación principal que, juntamente con otra habitación, configuran el cuarto espacio. </span></p>
<p class="p1"><span class="s1">El pavimento y la pintura blanca homogeneizan el espacio. Los zócalos y las carpinterías originales aportan el estilo clásico que se buscaba.<br />
En la cocina encontramos líneas limpias y minimalistas del mobiliario en contraposición con la obra vista y la baldosa tradicional, enfatizando este objetivo de unir tradición y modernidad y convirtiéndose así en la pieza principal de esta vivienda. </span></p>
<p>[/vc_column_text][/vc_column][/vc_row][vc_row][vc_column][vc_gallery type=&#8221;image_grid&#8221; images=&#8221;2608,2609,2610,2611,2612,2613,2614,2615,2616,2617,2618,2619,2620,2621,2622,2623,2624,2625,2626,2627,2628,2629,2630,2631,2632&#8243; img_size=&#8221;300&#215;300&#8243;][/vc_column][/vc_row]</p>

<p>[vc_row][vc_column width=&#8221;2/3&#8243;][vc_single_image source=&#8221;featured_image&#8221; img_size=&#8221;full&#8221; onclick=&#8221;link_image&#8221;][/vc_column][vc_column width=&#8221;1/3&#8243; el_class=&#8221;desc-portafoli&#8221;][vc_custom_heading source=&#8221;post_title&#8221; font_container=&#8221;tag:h1|text_align:left|color:%230a0a0a&#8221; use_theme_fonts=&#8221;yes&#8221;][vc_column_text el_class=&#8221;big&#8221;] Barcelona Reforma interior Arquitectura y Construcción [/vc_column_text][vc_column_text] La reforma de esta vivienda tiene como objetivo<span class="excerpt-hellip"> […]</span></p>
