{"id":2602,"date":"2018-08-21T11:51:52","date_gmt":"2018-08-21T11:51:52","guid":{"rendered":"http:\/\/cobame.net\/?post_type=portfolio&#038;p=2602"},"modified":"2024-03-25T09:56:02","modified_gmt":"2024-03-25T08:56:02","slug":"entre-mitgeres","status":"publish","type":"portfolio","link":"http:\/\/cobame.net\/es\/proyecto\/entre-mitgeres\/","title":{"rendered":"ENTRE MEDIANERAS"},"content":{"rendered":"<p>[vc_row][vc_column width=&#8221;2\/3&#8243;][vc_single_image source=&#8221;featured_image&#8221; img_size=&#8221;2000&#215;1500&#8243; onclick=&#8221;link_image&#8221;][\/vc_column][vc_column width=&#8221;1\/3&#8243; el_class=&#8221;desc-portafoli&#8221;][vc_custom_heading source=&#8221;post_title&#8221; font_container=&#8221;tag:h1|text_align:left|color:%230a0a0a&#8221; use_theme_fonts=&#8221;yes&#8221;][vc_column_text el_class=&#8221;big&#8221;]<\/p>\n<p class=\"p1\"><span class=\"s1\">Badalona<br \/>\nObra nova<br \/>\nArquitectura T\u00e9cnica y Construcci\u00f3n<\/span><\/p>\n<p>[\/vc_column_text][vc_column_text]<\/p>\n<p class=\"p1\"><span class=\"s1\">El dise\u00f1o de esta vivienda enfatiza la vida en el exterior mediante un conjunto de terrazas y balcones, prolongaciones de espacios interiores.<\/span><\/p>\n<p class=\"p1\"><span class=\"s1\">El edificio tiene cuatro plantas. En la planta s\u00f3tano encontramos un espacio polivalente. En la planta baja encontramos la zona nocturna y en la planta primera la zona diurna. Finalmente, en la planta cubierta encontramos dos terrazas, una para el huerto urbano y otro con piscina.<\/span><\/p>\n<p class=\"p1\"><span class=\"s1\">En las zonas de d\u00eda predomina el juego entre blancos y negros, con espacios di\u00e1fanos mientras que, en las zonas de noche, d\u00f3nde los espacios son compartimentados, se juega con colores m\u00e1s c\u00e1lidos.<\/span><\/p>\n<p class=\"p1\"><span class=\"s1\">El pavimento homogeneiza los espacios y la escalera, punto de uni\u00f3n de todas las plantas, es volada y de color blanca, favoreciendo as\u00ed la sensaci\u00f3n de ligereza.<\/span><\/p>\n<p><strong>En colaboraci\u00f3n con:<\/strong> Francisco Paredes Ferrer, Arquitecto<\/p>\n<p>[\/vc_column_text][\/vc_column][\/vc_row][vc_row][vc_column][vc_gallery type=&#8221;image_grid&#8221; images=&#8221;2719,2720,2721,2722,2723,2724,2725,2726,2727,2728,2729,2730,2731,2732,2733,2734,2633,2735,2736,2737&#8243; img_size=&#8221;300&#215;300&#8243;][\/vc_column][\/vc_row]<\/p>\n","protected":false},"excerpt":{"rendered":"<p>[vc_row][vc_column width=&#8221;2\/3&#8243;][vc_single_image source=&#8221;featured_image&#8221; img_size=&#8221;2000&#215;1500&#8243; onclick=&#8221;link_image&#8221;][\/vc_column][vc_column width=&#8221;1\/3&#8243; el_class=&#8221;desc-portafoli&#8221;][vc_custom_heading source=&#8221;post_title&#8221; font_container=&#8221;tag:h1|text_align:left|color:%230a0a0a&#8221; use_theme_fonts=&#8221;yes&#8221;][vc_column_text el_class=&#8221;big&#8221;] Badalona Obra nova Arquitectura T\u00e9cnica y Construcci\u00f3n [\/vc_column_text][vc_column_text] El dise\u00f1o de esta vivienda enfatiza la<span class=\"excerpt-hellip\"> [\u2026]<\/span><\/p>\n","protected":false},"author":2,"featured_media":2711,"menu_order":0,"comment_status":"closed","ping_status":"closed","template":"","meta":[],"portfolio-types":[7,9,8,10],"_links":{"self":[{"href":"http:\/\/cobame.net\/es\/wp-json\/wp\/v2\/portfolio\/2602"}],"collection":[{"href":"http:\/\/cobame.net\/es\/wp-json\/wp\/v2\/portfolio"}],"about":[{"href":"http:\/\/cobame.net\/es\/wp-json\/wp\/v2\/types\/portfolio"}],"author":[{"embeddable":true,"href":"http:\/\/cobame.net\/es\/wp-json\/wp\/v2\/users\/2"}],"replies":[{"embeddable":true,"href":"http:\/\/cobame.net\/es\/wp-json\/wp\/v2\/comments?post=2602"}],"wp:featuredmedia":[{"embeddable":true,"href":"http:\/\/cobame.net\/es\/wp-json\/wp\/v2\/media\/2711"}],"wp:attachment":[{"href":"http:\/\/cobame.net\/es\/wp-json\/wp\/v2\/media?parent=2602"}],"wp:term":[{"taxonomy":"portfolio-types","embeddable":true,"href":"http:\/\/cobame.net\/es\/wp-json\/wp\/v2\/portfolio-types?post=2602"}],"curies":[{"name":"wp","href":"https:\/\/api.w.org\/{rel}","templated":true}]}}

<p>[vc_row][vc_column width=&#8221;2/3&#8243;][vc_single_image source=&#8221;featured_image&#8221; img_size=&#8221;2000&#215;1500&#8243; onclick=&#8221;link_image&#8221;][/vc_column][vc_column width=&#8221;1/3&#8243; el_class=&#8221;desc-portafoli&#8221;][vc_custom_heading source=&#8221;post_title&#8221; font_container=&#8221;tag:h1|text_align:left|color:%230a0a0a&#8221; use_theme_fonts=&#8221;yes&#8221;][vc_column_text el_class=&#8221;big&#8221;]</p>
<p class="p1"><span class="s1">Badalona<br />
Obra nova<br />
Arquitectura Técnica y Construcción</span></p>
<p>[/vc_column_text][vc_column_text]</p>
<p class="p1"><span class="s1">El diseño de esta vivienda enfatiza la vida en el exterior mediante un conjunto de terrazas y balcones, prolongaciones de espacios interiores.</span></p>
<p class="p1"><span class="s1">El edificio tiene cuatro plantas. En la planta sótano encontramos un espacio polivalente. En la planta baja encontramos la zona nocturna y en la planta primera la zona diurna. Finalmente, en la planta cubierta encontramos dos terrazas, una para el huerto urbano y otro con piscina.</span></p>
<p class="p1"><span class="s1">En las zonas de día predomina el juego entre blancos y negros, con espacios diáfanos mientras que, en las zonas de noche, dónde los espacios son compartimentados, se juega con colores más cálidos.</span></p>
<p class="p1"><span class="s1">El pavimento homogeneiza los espacios y la escalera, punto de unión de todas las plantas, es volada y de color blanca, favoreciendo así la sensación de ligereza.</span></p>
<p><strong>En colaboración con:</strong> Francisco Paredes Ferrer, Arquitecto</p>
<p>[/vc_column_text][/vc_column][/vc_row][vc_row][vc_column][vc_gallery type=&#8221;image_grid&#8221; images=&#8221;2719,2720,2721,2722,2723,2724,2725,2726,2727,2728,2729,2730,2731,2732,2733,2734,2633,2735,2736,2737&#8243; img_size=&#8221;300&#215;300&#8243;][/vc_column][/vc_row]</p>

<p>[vc_row][vc_column width=&#8221;2/3&#8243;][vc_single_image source=&#8221;featured_image&#8221; img_size=&#8221;2000&#215;1500&#8243; onclick=&#8221;link_image&#8221;][/vc_column][vc_column width=&#8221;1/3&#8243; el_class=&#8221;desc-portafoli&#8221;][vc_custom_heading source=&#8221;post_title&#8221; font_container=&#8221;tag:h1|text_align:left|color:%230a0a0a&#8221; use_theme_fonts=&#8221;yes&#8221;][vc_column_text el_class=&#8221;big&#8221;] Badalona Obra nova Arquitectura Técnica y Construcción [/vc_column_text][vc_column_text] El diseño de esta vivienda enfatiza la<span class="excerpt-hellip"> […]</span></p>
