{"id":2603,"date":"2018-08-21T11:53:41","date_gmt":"2018-08-21T11:53:41","guid":{"rendered":"http:\/\/cobame.net\/?post_type=portfolio&#038;p=2603"},"modified":"2024-03-25T09:54:46","modified_gmt":"2024-03-25T08:54:46","slug":"casa-molins","status":"publish","type":"portfolio","link":"http:\/\/cobame.net\/es\/proyecto\/casa-molins\/","title":{"rendered":"CASA MOLINS"},"content":{"rendered":"<p>[vc_row][vc_column width=&#8221;2\/3&#8243;][vc_single_image source=&#8221;featured_image&#8221; img_size=&#8221;full&#8221; onclick=&#8221;link_image&#8221;][\/vc_column][vc_column width=&#8221;1\/3&#8243; el_class=&#8221;desc-portafoli&#8221;][vc_custom_heading source=&#8221;post_title&#8221; font_container=&#8221;tag:h1|text_align:left|color:%230a0a0a&#8221; use_theme_fonts=&#8221;yes&#8221;][vc_column_text el_class=&#8221;big&#8221;]<\/p>\n<p class=\"p1\"><span class=\"s1\">Sant Vicen\u00e7 de Montalt<br \/>\nObra nova<br \/>\nArquitectura T\u00e9cnica y Construcci\u00f3n<\/span><\/p>\n<p>[\/vc_column_text][vc_column_text]<\/p>\n<p class=\"p1\"><span class=\"s1\">La volumetr\u00eda de esta casa unifamiliar se conforma mediante dos vol\u00famenes en forma de \u201cL\u201d situados en uno de los extremos de la parcela desarrollando as\u00ed un gran jard\u00edn.<\/span><\/p>\n<p class=\"p1\"><span class=\"s1\">El volumen por d\u00f3nde se accede a la vivienda, est\u00e1 compuesta de dos plantas; la planta baja, se cierra a la fachada orientada hacia la calle, ofreciendo as\u00ed la privacidad hacia el exterior de la vivienda y abri\u00e9ndose hacia el jard\u00edn mediante unos espacios di\u00e1fanos donde se encuentra la sala de estar, comedor y cocina. La fachada vidriada practicable y la prolongaci\u00f3n del mismo pavimento situado en este espacio di\u00e1fano hacia los espacios exteriores del jard\u00edn desdibujan la l\u00ednea entre interior y exterior.<br \/>\nA planta primera encontramos la parte m\u00e1s privada de la vivienda: una suite con vestidor. <\/span><\/p>\n<p class=\"p1\"><span class=\"s1\">El segundo volumen tiene una planta que se va adaptando al terreno de forma escalonada. Este volumen se distribuye mediante cuatro piezas en cuatro cotas diferentes donde cada pieza es una suite independiente y est\u00e1n conectadas mediante un pasillo. Al igual que el anterior volumen, se cierra hacia el exterior por el pasillo y se abre hacia el jard\u00edn des de las habitaciones.<\/span><\/p>\n<p class=\"p1\"><span class=\"s1\">El jard\u00edn, la relaci\u00f3n interior-exterior, la protecci\u00f3n solar mediante p\u00e9rgolas y el revoque en blanco configuran una fachada mediterr\u00e1nea y moderna.<\/span><\/p>\n<p><strong>En colaboraci\u00f3n con: <\/strong><br \/>\nNomen Associats Arquitectes<br \/>\nAM Asociados[\/vc_column_text][\/vc_column][\/vc_row][vc_row][vc_column][vc_gallery type=&#8221;image_grid&#8221; images=&#8221;2634,2635,2636,2637,2638,2639,2640,2641,2642,2643,2644,2645,2646,2647&#8243; img_size=&#8221;300&#215;300&#8243;][\/vc_column][\/vc_row]<\/p>\n","protected":false},"excerpt":{"rendered":"<p>[vc_row][vc_column width=&#8221;2\/3&#8243;][vc_single_image source=&#8221;featured_image&#8221; img_size=&#8221;full&#8221; onclick=&#8221;link_image&#8221;][\/vc_column][vc_column width=&#8221;1\/3&#8243; el_class=&#8221;desc-portafoli&#8221;][vc_custom_heading source=&#8221;post_title&#8221; font_container=&#8221;tag:h1|text_align:left|color:%230a0a0a&#8221; use_theme_fonts=&#8221;yes&#8221;][vc_column_text el_class=&#8221;big&#8221;] Sant Vicen\u00e7 de Montalt Obra nova Arquitectura T\u00e9cnica y Construcci\u00f3n [\/vc_column_text][vc_column_text] La volumetr\u00eda de esta<span class=\"excerpt-hellip\"> [\u2026]<\/span><\/p>\n","protected":false},"author":2,"featured_media":2637,"menu_order":1,"comment_status":"closed","ping_status":"closed","template":"","meta":[],"portfolio-types":[],"_links":{"self":[{"href":"http:\/\/cobame.net\/es\/wp-json\/wp\/v2\/portfolio\/2603"}],"collection":[{"href":"http:\/\/cobame.net\/es\/wp-json\/wp\/v2\/portfolio"}],"about":[{"href":"http:\/\/cobame.net\/es\/wp-json\/wp\/v2\/types\/portfolio"}],"author":[{"embeddable":true,"href":"http:\/\/cobame.net\/es\/wp-json\/wp\/v2\/users\/2"}],"replies":[{"embeddable":true,"href":"http:\/\/cobame.net\/es\/wp-json\/wp\/v2\/comments?post=2603"}],"wp:featuredmedia":[{"embeddable":true,"href":"http:\/\/cobame.net\/es\/wp-json\/wp\/v2\/media\/2637"}],"wp:attachment":[{"href":"http:\/\/cobame.net\/es\/wp-json\/wp\/v2\/media?parent=2603"}],"wp:term":[{"taxonomy":"portfolio-types","embeddable":true,"href":"http:\/\/cobame.net\/es\/wp-json\/wp\/v2\/portfolio-types?post=2603"}],"curies":[{"name":"wp","href":"https:\/\/api.w.org\/{rel}","templated":true}]}}

<p>[vc_row][vc_column width=&#8221;2/3&#8243;][vc_single_image source=&#8221;featured_image&#8221; img_size=&#8221;full&#8221; onclick=&#8221;link_image&#8221;][/vc_column][vc_column width=&#8221;1/3&#8243; el_class=&#8221;desc-portafoli&#8221;][vc_custom_heading source=&#8221;post_title&#8221; font_container=&#8221;tag:h1|text_align:left|color:%230a0a0a&#8221; use_theme_fonts=&#8221;yes&#8221;][vc_column_text el_class=&#8221;big&#8221;]</p>
<p class="p1"><span class="s1">Sant Vicenç de Montalt<br />
Obra nova<br />
Arquitectura Técnica y Construcción</span></p>
<p>[/vc_column_text][vc_column_text]</p>
<p class="p1"><span class="s1">La volumetría de esta casa unifamiliar se conforma mediante dos volúmenes en forma de “L” situados en uno de los extremos de la parcela desarrollando así un gran jardín.</span></p>
<p class="p1"><span class="s1">El volumen por dónde se accede a la vivienda, está compuesta de dos plantas; la planta baja, se cierra a la fachada orientada hacia la calle, ofreciendo así la privacidad hacia el exterior de la vivienda y abriéndose hacia el jardín mediante unos espacios diáfanos donde se encuentra la sala de estar, comedor y cocina. La fachada vidriada practicable y la prolongación del mismo pavimento situado en este espacio diáfano hacia los espacios exteriores del jardín desdibujan la línea entre interior y exterior.<br />
A planta primera encontramos la parte más privada de la vivienda: una suite con vestidor. </span></p>
<p class="p1"><span class="s1">El segundo volumen tiene una planta que se va adaptando al terreno de forma escalonada. Este volumen se distribuye mediante cuatro piezas en cuatro cotas diferentes donde cada pieza es una suite independiente y están conectadas mediante un pasillo. Al igual que el anterior volumen, se cierra hacia el exterior por el pasillo y se abre hacia el jardín des de las habitaciones.</span></p>
<p class="p1"><span class="s1">El jardín, la relación interior-exterior, la protección solar mediante pérgolas y el revoque en blanco configuran una fachada mediterránea y moderna.</span></p>
<p><strong>En colaboración con: </strong><br />
Nomen Associats Arquitectes<br />
AM Asociados[/vc_column_text][/vc_column][/vc_row][vc_row][vc_column][vc_gallery type=&#8221;image_grid&#8221; images=&#8221;2634,2635,2636,2637,2638,2639,2640,2641,2642,2643,2644,2645,2646,2647&#8243; img_size=&#8221;300&#215;300&#8243;][/vc_column][/vc_row]</p>

<p>[vc_row][vc_column width=&#8221;2/3&#8243;][vc_single_image source=&#8221;featured_image&#8221; img_size=&#8221;full&#8221; onclick=&#8221;link_image&#8221;][/vc_column][vc_column width=&#8221;1/3&#8243; el_class=&#8221;desc-portafoli&#8221;][vc_custom_heading source=&#8221;post_title&#8221; font_container=&#8221;tag:h1|text_align:left|color:%230a0a0a&#8221; use_theme_fonts=&#8221;yes&#8221;][vc_column_text el_class=&#8221;big&#8221;] Sant Vicenç de Montalt Obra nova Arquitectura Técnica y Construcción [/vc_column_text][vc_column_text] La volumetría de esta<span class="excerpt-hellip"> […]</span></p>
