{"id":2604,"date":"2018-08-21T11:54:44","date_gmt":"2018-08-21T11:54:44","guid":{"rendered":"http:\/\/cobame.net\/?post_type=portfolio&#038;p=2604"},"modified":"2024-03-25T09:54:00","modified_gmt":"2024-03-25T08:54:00","slug":"estudi-cobame-arquitectura","status":"publish","type":"portfolio","link":"http:\/\/cobame.net\/es\/proyecto\/estudi-cobame-arquitectura\/","title":{"rendered":"ESTUDIO COBAME ARQUITECTURA"},"content":{"rendered":"<p>[vc_row][vc_column width=&#8221;2\/3&#8243; el_class=&#8221;col-1&#8243;][vc_single_image source=&#8221;featured_image&#8221; img_size=&#8221;full&#8221; onclick=&#8221;link_image&#8221;][\/vc_column][vc_column width=&#8221;1\/3&#8243; el_class=&#8221;desc-portafoli&#8221;][vc_custom_heading source=&#8221;post_title&#8221; font_container=&#8221;tag:h1|text_align:left|color:%230a0a0a&#8221; use_theme_fonts=&#8221;yes&#8221;][vc_column_text el_class=&#8221;big&#8221;]<\/p>\n<p class=\"p1\"><span class=\"s1\">Badalona<br \/>\nReforma interior<br \/>\nArquitectura y Construcci\u00f3n<\/span><\/p>\n<p>[\/vc_column_text][vc_column_text]<\/p>\n<p class=\"p1\"><span class=\"s1\">Nuestro estudio se encuentra en la planta baja de un edificio de construcci\u00f3n tradicional de los a\u00f1os 60. El espacio se divide en tres zonas.<\/span><\/p>\n<p class=\"p1\"><span class=\"s1\">En la zona de trabajo, nuestro equipo tiene su propio espacio de trabajo distribuido en un espacio di\u00e1fano e iluminado gracias a las tres oberturas de la fachada. <\/span><\/p>\n<p class=\"p1\"><span class=\"s1\">La sala de reuniones tiene cerramientos practicables de vidrio, para dar privacidad sin renunciar a la iluminaci\u00f3n natural d\u00f3nde la mesa de madera da calidez al espacio. Aqu\u00ed encontramos la antigua fuente natural, que se ha recuperado convirti\u00e9ndose en la pieza principal de nuestro estudio.<\/span><\/p>\n<p class=\"p1\"><span class=\"s1\">Por \u00faltimo, en el patio interior cubierto encontramos la escalera volada y el ba\u00f1o. La escalera, de chapa negra doblada, da ligereza y permite el paso de la luz proveniente de la cubierta. El ba\u00f1o juega con elementes modernos, como la utilizaci\u00f3n del mismo pavimento para revestir una de las paredes, elementos tradicionales como la baldosa blanca de peque\u00f1o formato o la restauraci\u00f3n de la puerta, anteriormente una puerta batiente con acabado de madera y convertida actualmente en una puerta corredera con acabado blanco para integrarse en el patio.<\/span><\/p>\n<p class=\"p1\"><span class=\"s1\">El uso de los colores neutro como el blanco de las paredes y el gris cemento del pavimento dejan el protagonismo a los elementos arquitect\u00f3nicos como las bigas met\u00e1licas y la obra vista.<\/span><\/p>\n<p class=\"p1\"><span class=\"s1\">Nuestro estudio es un reflejo de nuestro trabajo en los proyectos de rehabilitaci\u00f3n y reforma, definidos por el equilibrio entre la tradici\u00f3n y la modernidad.<br \/>\n<\/span><\/p>\n<p>[\/vc_column_text][\/vc_column][\/vc_row][vc_row][vc_column][vc_gallery type=&#8221;image_grid&#8221; images=&#8221;2655,2656,2657,2658,2659,2660,2661,2662,2663,2665,2666,2664,2667,2668,2669,2670,2671,2672,2673,2674,2675,2676,2677,2678,2679,2680,2681,2682,2683,2684,2685,2686,2687,2688,2689,2690&#8243; img_size=&#8221;300&#215;300&#8243;][\/vc_column][\/vc_row]<\/p>\n","protected":false},"excerpt":{"rendered":"<p>[vc_row][vc_column width=&#8221;2\/3&#8243; el_class=&#8221;col-1&#8243;][vc_single_image source=&#8221;featured_image&#8221; img_size=&#8221;full&#8221; onclick=&#8221;link_image&#8221;][\/vc_column][vc_column width=&#8221;1\/3&#8243; el_class=&#8221;desc-portafoli&#8221;][vc_custom_heading source=&#8221;post_title&#8221; font_container=&#8221;tag:h1|text_align:left|color:%230a0a0a&#8221; use_theme_fonts=&#8221;yes&#8221;][vc_column_text el_class=&#8221;big&#8221;] Badalona Reforma interior Arquitectura y Construcci\u00f3n [\/vc_column_text][vc_column_text] Nuestro estudio se encuentra en la planta<span class=\"excerpt-hellip\"> [\u2026]<\/span><\/p>\n","protected":false},"author":2,"featured_media":2765,"menu_order":2,"comment_status":"closed","ping_status":"closed","template":"","meta":[],"portfolio-types":[7,9,8,6],"_links":{"self":[{"href":"http:\/\/cobame.net\/es\/wp-json\/wp\/v2\/portfolio\/2604"}],"collection":[{"href":"http:\/\/cobame.net\/es\/wp-json\/wp\/v2\/portfolio"}],"about":[{"href":"http:\/\/cobame.net\/es\/wp-json\/wp\/v2\/types\/portfolio"}],"author":[{"embeddable":true,"href":"http:\/\/cobame.net\/es\/wp-json\/wp\/v2\/users\/2"}],"replies":[{"embeddable":true,"href":"http:\/\/cobame.net\/es\/wp-json\/wp\/v2\/comments?post=2604"}],"wp:featuredmedia":[{"embeddable":true,"href":"http:\/\/cobame.net\/es\/wp-json\/wp\/v2\/media\/2765"}],"wp:attachment":[{"href":"http:\/\/cobame.net\/es\/wp-json\/wp\/v2\/media?parent=2604"}],"wp:term":[{"taxonomy":"portfolio-types","embeddable":true,"href":"http:\/\/cobame.net\/es\/wp-json\/wp\/v2\/portfolio-types?post=2604"}],"curies":[{"name":"wp","href":"https:\/\/api.w.org\/{rel}","templated":true}]}}

<p>[vc_row][vc_column width=&#8221;2/3&#8243; el_class=&#8221;col-1&#8243;][vc_single_image source=&#8221;featured_image&#8221; img_size=&#8221;full&#8221; onclick=&#8221;link_image&#8221;][/vc_column][vc_column width=&#8221;1/3&#8243; el_class=&#8221;desc-portafoli&#8221;][vc_custom_heading source=&#8221;post_title&#8221; font_container=&#8221;tag:h1|text_align:left|color:%230a0a0a&#8221; use_theme_fonts=&#8221;yes&#8221;][vc_column_text el_class=&#8221;big&#8221;]</p>
<p class="p1"><span class="s1">Badalona<br />
Reforma interior<br />
Arquitectura y Construcción</span></p>
<p>[/vc_column_text][vc_column_text]</p>
<p class="p1"><span class="s1">Nuestro estudio se encuentra en la planta baja de un edificio de construcción tradicional de los años 60. El espacio se divide en tres zonas.</span></p>
<p class="p1"><span class="s1">En la zona de trabajo, nuestro equipo tiene su propio espacio de trabajo distribuido en un espacio diáfano e iluminado gracias a las tres oberturas de la fachada. </span></p>
<p class="p1"><span class="s1">La sala de reuniones tiene cerramientos practicables de vidrio, para dar privacidad sin renunciar a la iluminación natural dónde la mesa de madera da calidez al espacio. Aquí encontramos la antigua fuente natural, que se ha recuperado convirtiéndose en la pieza principal de nuestro estudio.</span></p>
<p class="p1"><span class="s1">Por último, en el patio interior cubierto encontramos la escalera volada y el baño. La escalera, de chapa negra doblada, da ligereza y permite el paso de la luz proveniente de la cubierta. El baño juega con elementes modernos, como la utilización del mismo pavimento para revestir una de las paredes, elementos tradicionales como la baldosa blanca de pequeño formato o la restauración de la puerta, anteriormente una puerta batiente con acabado de madera y convertida actualmente en una puerta corredera con acabado blanco para integrarse en el patio.</span></p>
<p class="p1"><span class="s1">El uso de los colores neutro como el blanco de las paredes y el gris cemento del pavimento dejan el protagonismo a los elementos arquitectónicos como las bigas metálicas y la obra vista.</span></p>
<p class="p1"><span class="s1">Nuestro estudio es un reflejo de nuestro trabajo en los proyectos de rehabilitación y reforma, definidos por el equilibrio entre la tradición y la modernidad.<br />
</span></p>
<p>[/vc_column_text][/vc_column][/vc_row][vc_row][vc_column][vc_gallery type=&#8221;image_grid&#8221; images=&#8221;2655,2656,2657,2658,2659,2660,2661,2662,2663,2665,2666,2664,2667,2668,2669,2670,2671,2672,2673,2674,2675,2676,2677,2678,2679,2680,2681,2682,2683,2684,2685,2686,2687,2688,2689,2690&#8243; img_size=&#8221;300&#215;300&#8243;][/vc_column][/vc_row]</p>

<p>[vc_row][vc_column width=&#8221;2/3&#8243; el_class=&#8221;col-1&#8243;][vc_single_image source=&#8221;featured_image&#8221; img_size=&#8221;full&#8221; onclick=&#8221;link_image&#8221;][/vc_column][vc_column width=&#8221;1/3&#8243; el_class=&#8221;desc-portafoli&#8221;][vc_custom_heading source=&#8221;post_title&#8221; font_container=&#8221;tag:h1|text_align:left|color:%230a0a0a&#8221; use_theme_fonts=&#8221;yes&#8221;][vc_column_text el_class=&#8221;big&#8221;] Badalona Reforma interior Arquitectura y Construcción [/vc_column_text][vc_column_text] Nuestro estudio se encuentra en la planta<span class="excerpt-hellip"> […]</span></p>
