{"id":2771,"date":"2021-10-19T14:52:10","date_gmt":"2021-10-19T14:52:10","guid":{"rendered":"http:\/\/cobame.net\/?post_type=portfolio&#038;p=2771"},"modified":"2024-03-25T09:53:07","modified_gmt":"2024-03-25T08:53:07","slug":"valencia","status":"publish","type":"portfolio","link":"http:\/\/cobame.net\/es\/proyecto\/valencia\/","title":{"rendered":"VALENCIA"},"content":{"rendered":"<p>[vc_row][vc_column width=&#8221;2\/3&#8243;][vc_single_image source=&#8221;featured_image&#8221; img_size=&#8221;full&#8221; onclick=&#8221;link_image&#8221;][vc_gallery type=&#8221;image_grid&#8221; images=&#8221;2777,2779,2781,2783,2787,2789,2791,2793,2795,2797,2799,2801,2891&#8243; img_size=&#8221;300&#215;300&#8243;][\/vc_column][vc_column width=&#8221;1\/3&#8243; el_class=&#8221;desc-portafoli&#8221;][vc_custom_heading source=&#8221;post_title&#8221; font_container=&#8221;tag:h1|text_align:left|color:%230a0a0a&#8221; use_theme_fonts=&#8221;yes&#8221;][vc_column_text el_class=&#8221;big&#8221;]<\/p>\n<p class=\"p1\"><span class=\"s1\">Barcelona<br \/>\nRehabilitaci\u00f3n de fachada<br \/>\nArquitectura y Construcci\u00f3n<br \/>\n<\/span><\/p>\n<p>[\/vc_column_text][vc_column_text]<\/p>\n<p class=\"p1\"><span class=\"s1\">La rehabilitaci\u00f3n de esta fachada tiene como objetivo recuperar el dise\u00f1o de construcci\u00f3n, datado en el 1.900.<\/span><\/p>\n<p class=\"p1\"><span class=\"s1\">El edificio esta catalogado como bien del Patrimonio Arquitect\u00f3nico de Barcelona, por eso, se ha realizado un estudio teniendo en cuenta los antecedentes y evoluci\u00f3n del edificio des de el punto de vista hist\u00f3rico-art\u00edstico y patrimonial detallando las t\u00e9cnicas constructivas y materiales utilizados incluyendo un estudio crom\u00e1tico.<\/span><\/p>\n<p class=\"p1\"><span class=\"s1\">La b\u00fasqueda hist\u00f3rica del estudio de la fachada concluy\u00f3 que esta corresponde al periodo del Premodernismo. En este periodo domina la composici\u00f3n horizontal como los z\u00f3calos, zunchos y frisos con un tratamiento uniforme de la superficie del revestimiento y la utilizaci\u00f3n de m\u00e9nsulas para aguantar los forjados de los balcones que son individuales. La altura de los forjados y volada de los balcones van decreciendo en altura.<\/span><\/p>\n<p class=\"p1\"><span class=\"s1\">En el estudio centrado en la fachada motivo de este proyecto destaca la voluntad de diferenciar la planta baja de las plantas superiores mediante la diferencia de acabados y texturas en el revestimiento.<\/span><\/p>\n<p class=\"p1\"><span class=\"s1\">Recuperando este objetivo y mediante la toma de muestras de la fachada y el estudio exhaustivo del color, ha ayudado a conocer la composici\u00f3n de los materiales y los colores originales. Con esta informaci\u00f3n, han escogido dos colores como principales; el blanco como acabado del revestimiento en planta baja, m\u00e9nsulas, zunchos, brancales y cornisas, y el rojo, que se ha aplicado como acabado del revestimiento de las plantas superiores. Los portones se han mantenido en color marr\u00f3n y las barandillas se han pintado de color negro.<\/span><\/p>\n<p class=\"p1\"><span class=\"s1\">La rehabilitaci\u00f3n de la fachada tambi\u00e9n a tenido en cuenta los aspectos m\u00e1s t\u00e9cnicos como la reparaci\u00f3n de los elementos decorativos, el revestimiento de partes de la fachada o los forjados de los balcones.<\/span><\/p>\n<p>[\/vc_column_text][\/vc_column][\/vc_row]<\/p>\n","protected":false},"excerpt":{"rendered":"<p>[vc_row][vc_column width=&#8221;2\/3&#8243;][vc_single_image source=&#8221;featured_image&#8221; img_size=&#8221;full&#8221; onclick=&#8221;link_image&#8221;][vc_gallery type=&#8221;image_grid&#8221; images=&#8221;2777,2779,2781,2783,2787,2789,2791,2793,2795,2797,2799,2801,2891&#8243; img_size=&#8221;300&#215;300&#8243;][\/vc_column][vc_column width=&#8221;1\/3&#8243; el_class=&#8221;desc-portafoli&#8221;][vc_custom_heading source=&#8221;post_title&#8221; font_container=&#8221;tag:h1|text_align:left|color:%230a0a0a&#8221; use_theme_fonts=&#8221;yes&#8221;][vc_column_text el_class=&#8221;big&#8221;] Barcelona Rehabilitaci\u00f3n de fachada Arquitectura y Construcci\u00f3n [\/vc_column_text][vc_column_text] La rehabilitaci\u00f3n de esta<span class=\"excerpt-hellip\"> [\u2026]<\/span><\/p>\n","protected":false},"author":4,"featured_media":2889,"menu_order":3,"comment_status":"closed","ping_status":"closed","template":"","meta":[],"portfolio-types":[7,8,16],"_links":{"self":[{"href":"http:\/\/cobame.net\/es\/wp-json\/wp\/v2\/portfolio\/2771"}],"collection":[{"href":"http:\/\/cobame.net\/es\/wp-json\/wp\/v2\/portfolio"}],"about":[{"href":"http:\/\/cobame.net\/es\/wp-json\/wp\/v2\/types\/portfolio"}],"author":[{"embeddable":true,"href":"http:\/\/cobame.net\/es\/wp-json\/wp\/v2\/users\/4"}],"replies":[{"embeddable":true,"href":"http:\/\/cobame.net\/es\/wp-json\/wp\/v2\/comments?post=2771"}],"wp:featuredmedia":[{"embeddable":true,"href":"http:\/\/cobame.net\/es\/wp-json\/wp\/v2\/media\/2889"}],"wp:attachment":[{"href":"http:\/\/cobame.net\/es\/wp-json\/wp\/v2\/media?parent=2771"}],"wp:term":[{"taxonomy":"portfolio-types","embeddable":true,"href":"http:\/\/cobame.net\/es\/wp-json\/wp\/v2\/portfolio-types?post=2771"}],"curies":[{"name":"wp","href":"https:\/\/api.w.org\/{rel}","templated":true}]}}

<p>[vc_row][vc_column width=&#8221;2/3&#8243;][vc_single_image source=&#8221;featured_image&#8221; img_size=&#8221;full&#8221; onclick=&#8221;link_image&#8221;][vc_gallery type=&#8221;image_grid&#8221; images=&#8221;2777,2779,2781,2783,2787,2789,2791,2793,2795,2797,2799,2801,2891&#8243; img_size=&#8221;300&#215;300&#8243;][/vc_column][vc_column width=&#8221;1/3&#8243; el_class=&#8221;desc-portafoli&#8221;][vc_custom_heading source=&#8221;post_title&#8221; font_container=&#8221;tag:h1|text_align:left|color:%230a0a0a&#8221; use_theme_fonts=&#8221;yes&#8221;][vc_column_text el_class=&#8221;big&#8221;]</p>
<p class="p1"><span class="s1">Barcelona<br />
Rehabilitación de fachada<br />
Arquitectura y Construcción<br />
</span></p>
<p>[/vc_column_text][vc_column_text]</p>
<p class="p1"><span class="s1">La rehabilitación de esta fachada tiene como objetivo recuperar el diseño de construcción, datado en el 1.900.</span></p>
<p class="p1"><span class="s1">El edificio esta catalogado como bien del Patrimonio Arquitectónico de Barcelona, por eso, se ha realizado un estudio teniendo en cuenta los antecedentes y evolución del edificio des de el punto de vista histórico-artístico y patrimonial detallando las técnicas constructivas y materiales utilizados incluyendo un estudio cromático.</span></p>
<p class="p1"><span class="s1">La búsqueda histórica del estudio de la fachada concluyó que esta corresponde al periodo del Premodernismo. En este periodo domina la composición horizontal como los zócalos, zunchos y frisos con un tratamiento uniforme de la superficie del revestimiento y la utilización de ménsulas para aguantar los forjados de los balcones que son individuales. La altura de los forjados y volada de los balcones van decreciendo en altura.</span></p>
<p class="p1"><span class="s1">En el estudio centrado en la fachada motivo de este proyecto destaca la voluntad de diferenciar la planta baja de las plantas superiores mediante la diferencia de acabados y texturas en el revestimiento.</span></p>
<p class="p1"><span class="s1">Recuperando este objetivo y mediante la toma de muestras de la fachada y el estudio exhaustivo del color, ha ayudado a conocer la composición de los materiales y los colores originales. Con esta información, han escogido dos colores como principales; el blanco como acabado del revestimiento en planta baja, ménsulas, zunchos, brancales y cornisas, y el rojo, que se ha aplicado como acabado del revestimiento de las plantas superiores. Los portones se han mantenido en color marrón y las barandillas se han pintado de color negro.</span></p>
<p class="p1"><span class="s1">La rehabilitación de la fachada también a tenido en cuenta los aspectos más técnicos como la reparación de los elementos decorativos, el revestimiento de partes de la fachada o los forjados de los balcones.</span></p>
<p>[/vc_column_text][/vc_column][/vc_row]</p>

<p>[vc_row][vc_column width=&#8221;2/3&#8243;][vc_single_image source=&#8221;featured_image&#8221; img_size=&#8221;full&#8221; onclick=&#8221;link_image&#8221;][vc_gallery type=&#8221;image_grid&#8221; images=&#8221;2777,2779,2781,2783,2787,2789,2791,2793,2795,2797,2799,2801,2891&#8243; img_size=&#8221;300&#215;300&#8243;][/vc_column][vc_column width=&#8221;1/3&#8243; el_class=&#8221;desc-portafoli&#8221;][vc_custom_heading source=&#8221;post_title&#8221; font_container=&#8221;tag:h1|text_align:left|color:%230a0a0a&#8221; use_theme_fonts=&#8221;yes&#8221;][vc_column_text el_class=&#8221;big&#8221;] Barcelona Rehabilitación de fachada Arquitectura y Construcción [/vc_column_text][vc_column_text] La rehabilitación de esta<span class="excerpt-hellip"> […]</span></p>
