{"id":2803,"date":"2021-10-19T15:06:58","date_gmt":"2021-10-19T15:06:58","guid":{"rendered":"http:\/\/cobame.net\/?post_type=portfolio&#038;p=2803"},"modified":"2024-03-25T09:52:32","modified_gmt":"2024-03-25T08:52:32","slug":"premia-de-mar","status":"publish","type":"portfolio","link":"http:\/\/cobame.net\/es\/proyecto\/premia-de-mar\/","title":{"rendered":"PREMI\u00c0 DE MAR"},"content":{"rendered":"<p>[vc_row][vc_column width=&#8221;2\/3&#8243;][vc_single_image source=&#8221;featured_image&#8221; img_size=&#8221;full&#8221; onclick=&#8221;link_image&#8221;][vc_gallery type=&#8221;image_grid&#8221; images=&#8221;2807,2809,2811,2813,2815,2817,2819,2821,2823,2825,2827&#8243; img_size=&#8221;300&#215;300&#8243;][\/vc_column][vc_column width=&#8221;1\/3&#8243; el_class=&#8221;desc-portafoli&#8221;][vc_custom_heading source=&#8221;post_title&#8221; font_container=&#8221;tag:h1|text_align:left|color:%230a0a0a&#8221; use_theme_fonts=&#8221;yes&#8221;][vc_column_text el_class=&#8221;big&#8221;]<\/p>\n<p class=\"p1\"><span class=\"s1\">Premi\u00e0 de Mar<br \/>\nReforma integral<br \/>\nArquitectura y Construcci\u00f3n<br \/>\n<\/span><\/p>\n<p>[\/vc_column_text][vc_column_text]<\/p>\n<p class=\"p1\"><span class=\"s1\">El objetivo de este proyecto es la uni\u00f3n de diferentes espacios para conseguir una zona di\u00e1fana y una mayor iluminaci\u00f3n natural.<\/span><\/p>\n<p class=\"p1\"><span class=\"s1\">Se ha desdibujado el l\u00edmite entre cocina y patio interior y tambi\u00e9n entre comedor y patio interior. Para llevar a cabo esta intervenci\u00f3n, se han realizado diferentes apeos para poder aumentar la superficie de las aberturas y, como resultado, se ha pasado de tener peque\u00f1as ventanas a grandes balconeras.<\/span><\/p>\n<p class=\"p1\"><span class=\"s1\">Estos apeos son perpendiculares entre ellos, el primero une el patio con el comedor, mientras que el segundo, une el patio con la cocina. La uni\u00f3n de estas bigas se ha realizado mediante la colocaci\u00f3n de un pilar y, para integrarlo en el espacio, se ha forrado del mismo material que las carpinter\u00edas.<\/span><\/p>\n<p class=\"p1\"><span class=\"s1\">Tambi\u00e9n se han realizado otros apeos para modificar los pasos entre la cocina y el comedor y entre la cocina y el lavadero para ganar anchura de paso.<\/span><\/p>\n<p class=\"p1\"><span class=\"s1\">La cocina es la estancia principal y punto de partida de este proyecto d\u00f3nde se ha escogido un pavimento de tipo hidr\u00e1ulico y se han pintado las paredes de color blanco. Para el mobiliario se ha escogido muebles bajos con acabado de madera mientras que, los muebles altos son blancos para darle m\u00e1s amplitud al espacio. Los tiradores y la grifer\u00eda son de color negro, en combinaci\u00f3n con la carpinter\u00eda.<\/span><\/p>\n<p class=\"p1\"><span class=\"s1\">La cocina es la estancia principal y punto de partida de este proyecto d\u00f3nde se ha escogido un pavimento de tipo hidr\u00e1ulico y se han pintado las paredes de color blanco. Para el mobiliario se ha escogido muebles bajos con acabado de madera mientras que, los muebles altos son blancos para darle m\u00e1s amplitud al espacio. Los tiradores y la grifer\u00eda son de color negro, en combinaci\u00f3n con la carpinter\u00eda.<\/span><\/p>\n<p class=\"p1\"><span class=\"s1\">En el patio interior se han realizado varias actuaciones donde destaca la modificaci\u00f3n de las pendientes para dejar a una misma cota el exterior respecto al interior y as\u00ed crear un espacio \u00fatil entre la cocina, el comedor y el patio interior. Se ha colocado un pavimento de gres de color gris y pintado de las paredes de blanco. Tambi\u00e9n se ha cambiado el tipo de baranda en planta primera para favorecer la entrada de luz a la planta baja.<\/span><\/p>\n<p>[\/vc_column_text][\/vc_column][\/vc_row]<\/p>\n","protected":false},"excerpt":{"rendered":"<p>[vc_row][vc_column width=&#8221;2\/3&#8243;][vc_single_image source=&#8221;featured_image&#8221; img_size=&#8221;full&#8221; onclick=&#8221;link_image&#8221;][vc_gallery type=&#8221;image_grid&#8221; images=&#8221;2807,2809,2811,2813,2815,2817,2819,2821,2823,2825,2827&#8243; img_size=&#8221;300&#215;300&#8243;][\/vc_column][vc_column width=&#8221;1\/3&#8243; el_class=&#8221;desc-portafoli&#8221;][vc_custom_heading source=&#8221;post_title&#8221; font_container=&#8221;tag:h1|text_align:left|color:%230a0a0a&#8221; use_theme_fonts=&#8221;yes&#8221;][vc_column_text el_class=&#8221;big&#8221;] Premi\u00e0 de Mar Reforma integral Arquitectura y Construcci\u00f3n [\/vc_column_text][vc_column_text] El objetivo de<span class=\"excerpt-hellip\"> [\u2026]<\/span><\/p>\n","protected":false},"author":4,"featured_media":2805,"menu_order":4,"comment_status":"closed","ping_status":"closed","template":"","meta":[],"portfolio-types":[7,8,15],"_links":{"self":[{"href":"http:\/\/cobame.net\/es\/wp-json\/wp\/v2\/portfolio\/2803"}],"collection":[{"href":"http:\/\/cobame.net\/es\/wp-json\/wp\/v2\/portfolio"}],"about":[{"href":"http:\/\/cobame.net\/es\/wp-json\/wp\/v2\/types\/portfolio"}],"author":[{"embeddable":true,"href":"http:\/\/cobame.net\/es\/wp-json\/wp\/v2\/users\/4"}],"replies":[{"embeddable":true,"href":"http:\/\/cobame.net\/es\/wp-json\/wp\/v2\/comments?post=2803"}],"wp:featuredmedia":[{"embeddable":true,"href":"http:\/\/cobame.net\/es\/wp-json\/wp\/v2\/media\/2805"}],"wp:attachment":[{"href":"http:\/\/cobame.net\/es\/wp-json\/wp\/v2\/media?parent=2803"}],"wp:term":[{"taxonomy":"portfolio-types","embeddable":true,"href":"http:\/\/cobame.net\/es\/wp-json\/wp\/v2\/portfolio-types?post=2803"}],"curies":[{"name":"wp","href":"https:\/\/api.w.org\/{rel}","templated":true}]}}

PREMIÀ DE MAR

<p>[vc_row][vc_column width=&#8221;2/3&#8243;][vc_single_image source=&#8221;featured_image&#8221; img_size=&#8221;full&#8221; onclick=&#8221;link_image&#8221;][vc_gallery type=&#8221;image_grid&#8221; images=&#8221;2807,2809,2811,2813,2815,2817,2819,2821,2823,2825,2827&#8243; img_size=&#8221;300&#215;300&#8243;][/vc_column][vc_column width=&#8221;1/3&#8243; el_class=&#8221;desc-portafoli&#8221;][vc_custom_heading source=&#8221;post_title&#8221; font_container=&#8221;tag:h1|text_align:left|color:%230a0a0a&#8221; use_theme_fonts=&#8221;yes&#8221;][vc_column_text el_class=&#8221;big&#8221;]</p>
<p class="p1"><span class="s1">Premià de Mar<br />
Reforma integral<br />
Arquitectura y Construcción<br />
</span></p>
<p>[/vc_column_text][vc_column_text]</p>
<p class="p1"><span class="s1">El objetivo de este proyecto es la unión de diferentes espacios para conseguir una zona diáfana y una mayor iluminación natural.</span></p>
<p class="p1"><span class="s1">Se ha desdibujado el límite entre cocina y patio interior y también entre comedor y patio interior. Para llevar a cabo esta intervención, se han realizado diferentes apeos para poder aumentar la superficie de las aberturas y, como resultado, se ha pasado de tener pequeñas ventanas a grandes balconeras.</span></p>
<p class="p1"><span class="s1">Estos apeos son perpendiculares entre ellos, el primero une el patio con el comedor, mientras que el segundo, une el patio con la cocina. La unión de estas bigas se ha realizado mediante la colocación de un pilar y, para integrarlo en el espacio, se ha forrado del mismo material que las carpinterías.</span></p>
<p class="p1"><span class="s1">También se han realizado otros apeos para modificar los pasos entre la cocina y el comedor y entre la cocina y el lavadero para ganar anchura de paso.</span></p>
<p class="p1"><span class="s1">La cocina es la estancia principal y punto de partida de este proyecto dónde se ha escogido un pavimento de tipo hidráulico y se han pintado las paredes de color blanco. Para el mobiliario se ha escogido muebles bajos con acabado de madera mientras que, los muebles altos son blancos para darle más amplitud al espacio. Los tiradores y la grifería son de color negro, en combinación con la carpintería.</span></p>
<p class="p1"><span class="s1">La cocina es la estancia principal y punto de partida de este proyecto dónde se ha escogido un pavimento de tipo hidráulico y se han pintado las paredes de color blanco. Para el mobiliario se ha escogido muebles bajos con acabado de madera mientras que, los muebles altos son blancos para darle más amplitud al espacio. Los tiradores y la grifería son de color negro, en combinación con la carpintería.</span></p>
<p class="p1"><span class="s1">En el patio interior se han realizado varias actuaciones donde destaca la modificación de las pendientes para dejar a una misma cota el exterior respecto al interior y así crear un espacio útil entre la cocina, el comedor y el patio interior. Se ha colocado un pavimento de gres de color gris y pintado de las paredes de blanco. También se ha cambiado el tipo de baranda en planta primera para favorecer la entrada de luz a la planta baja.</span></p>
<p>[/vc_column_text][/vc_column][/vc_row]</p>

<p>[vc_row][vc_column width=&#8221;2/3&#8243;][vc_single_image source=&#8221;featured_image&#8221; img_size=&#8221;full&#8221; onclick=&#8221;link_image&#8221;][vc_gallery type=&#8221;image_grid&#8221; images=&#8221;2807,2809,2811,2813,2815,2817,2819,2821,2823,2825,2827&#8243; img_size=&#8221;300&#215;300&#8243;][/vc_column][vc_column width=&#8221;1/3&#8243; el_class=&#8221;desc-portafoli&#8221;][vc_custom_heading source=&#8221;post_title&#8221; font_container=&#8221;tag:h1|text_align:left|color:%230a0a0a&#8221; use_theme_fonts=&#8221;yes&#8221;][vc_column_text el_class=&#8221;big&#8221;] Premià de Mar Reforma integral Arquitectura y Construcción [/vc_column_text][vc_column_text] El objetivo de<span class="excerpt-hellip"> […]</span></p>
