{"id":2829,"date":"2021-10-19T17:18:27","date_gmt":"2021-10-19T15:18:27","guid":{"rendered":"http:\/\/cobame.net\/?post_type=portfolio&#038;p=2829"},"modified":"2024-03-25T09:51:13","modified_gmt":"2024-03-25T08:51:13","slug":"migjorn","status":"publish","type":"portfolio","link":"http:\/\/cobame.net\/es\/proyecto\/migjorn\/","title":{"rendered":"MIGJORN"},"content":{"rendered":"<p>[vc_row][vc_column width=&#8221;2\/3&#8243;][vc_single_image source=&#8221;featured_image&#8221; img_size=&#8221;full&#8221; onclick=&#8221;link_image&#8221;][vc_gallery type=&#8221;image_grid&#8221; images=&#8221;2835,2831,2833,2837,2839,2841,2843,2845,2847,2849,2851,2853,2855&#8243; img_size=&#8221;300&#215;300&#8243;][\/vc_column][vc_column width=&#8221;1\/3&#8243; el_class=&#8221;desc-portafoli&#8221;][vc_custom_heading source=&#8221;post_title&#8221; font_container=&#8221;tag:h1|text_align:left|color:%230a0a0a&#8221; use_theme_fonts=&#8221;yes&#8221;][vc_column_text el_class=&#8221;big&#8221;]<\/p>\n<p class=\"p1\"><span class=\"s1\">Badalona<br \/>\nReforma integral<br \/>\nArquitectura y Construcci\u00f3n<br \/>\n<\/span><\/p>\n<p>[\/vc_column_text][vc_column_text]<\/p>\n<p class=\"p1\"><span class=\"s1\">El objetivo de este proyecto es modificar la distribuci\u00f3n de la cocina y comedor para convertirlo en un \u00fanico espacio abierto y renovar las habitaciones y los ba\u00f1os.<\/span><\/p>\n<p class=\"p1\"><span class=\"s1\">En la planta baja se encuentra la cocina abierta al comedor y \u00e9sta se divide de la siguiente manera; una zona de mobiliario tipo columna, una zona de encimera para trabajar donde se encuentra la fregadera y los fogones y finalmente una pen\u00ednsula que hace tambi\u00e9n de barra. Predominan los tonos blancos, tanto en los muebles bajos, columnas y encimera combinado con unos muebles altos acabados de madera.<\/span><\/p>\n<p class=\"p1\"><span class=\"s1\">Se ha iluminado la parte inferior de los muebles altos para dar un contrapunto de calidez en el acabado blanco de los muebles de cocina.<\/span><\/p>\n<p class=\"p1\"><span class=\"s1\">El pavimento, laminado con acabado de madera, se sit\u00faa en toda la planta baja para enfatizar m\u00e1s la uni\u00f3n entre cocina y comedor.<\/span><\/p>\n<p class=\"p1\"><span class=\"s1\">Por \u00faltimo, se encuentra un peque\u00f1o lavabo independizado que sigue la t\u00f3nica de colores blancos y acabados de madera de toda la planta baja.<\/span><\/p>\n<p class=\"p1\"><span class=\"s1\">En la planta superior, todas las habitaciones y distribuidor est\u00e1n pavimentados del mismo material y color que la planta baja y se han pintado las paredes de blanco.<\/span><\/p>\n<p class=\"p1\"><span class=\"s1\">El ba\u00f1o general, de colores marrones, tiene como particularidad el revestimiento de las zonas del lavabo con una baldosa con textura de aguas horizontales, la utilizaci\u00f3n de una mampara fija de vidrio sin marco para dar una sensaci\u00f3n de amplitud, una zona de almacenaje independiente y un lavabo de una sola pieza con prolongaci\u00f3n de la encimera y sin mueble empotrado en la parte inferior para dar m\u00e1s ligereza al conjunto.<\/span><\/p>\n<p class=\"p1\"><span class=\"s1\">Por otro lado, se encuentra el ba\u00f1o de la suite, donde los colores son de tonos grises con detalles en blanco y cuenta con un lavabo con prolongaci\u00f3n de encimera pero, a diferencia del ba\u00f1o general, este si que cuenta con un mueble de almacenaje empotrado compuesto por cuatro cajones en la parte inferior pero con una m\u00ednima separaci\u00f3n con el pavimento para darle ligereza sin perder volumen de almacenamiento.<\/span><\/p>\n<p>[\/vc_column_text][\/vc_column][\/vc_row]<\/p>\n","protected":false},"excerpt":{"rendered":"<p>[vc_row][vc_column width=&#8221;2\/3&#8243;][vc_single_image source=&#8221;featured_image&#8221; img_size=&#8221;full&#8221; onclick=&#8221;link_image&#8221;][vc_gallery type=&#8221;image_grid&#8221; images=&#8221;2835,2831,2833,2837,2839,2841,2843,2845,2847,2849,2851,2853,2855&#8243; img_size=&#8221;300&#215;300&#8243;][\/vc_column][vc_column width=&#8221;1\/3&#8243; el_class=&#8221;desc-portafoli&#8221;][vc_custom_heading source=&#8221;post_title&#8221; font_container=&#8221;tag:h1|text_align:left|color:%230a0a0a&#8221; use_theme_fonts=&#8221;yes&#8221;][vc_column_text el_class=&#8221;big&#8221;] Badalona Reforma integral Arquitectura y Construcci\u00f3n [\/vc_column_text][vc_column_text] El objetivo de este proyecto<span class=\"excerpt-hellip\"> [\u2026]<\/span><\/p>\n","protected":false},"author":4,"featured_media":2887,"menu_order":6,"comment_status":"closed","ping_status":"closed","template":"","meta":[],"portfolio-types":[7,8,15],"_links":{"self":[{"href":"http:\/\/cobame.net\/es\/wp-json\/wp\/v2\/portfolio\/2829"}],"collection":[{"href":"http:\/\/cobame.net\/es\/wp-json\/wp\/v2\/portfolio"}],"about":[{"href":"http:\/\/cobame.net\/es\/wp-json\/wp\/v2\/types\/portfolio"}],"author":[{"embeddable":true,"href":"http:\/\/cobame.net\/es\/wp-json\/wp\/v2\/users\/4"}],"replies":[{"embeddable":true,"href":"http:\/\/cobame.net\/es\/wp-json\/wp\/v2\/comments?post=2829"}],"wp:featuredmedia":[{"embeddable":true,"href":"http:\/\/cobame.net\/es\/wp-json\/wp\/v2\/media\/2887"}],"wp:attachment":[{"href":"http:\/\/cobame.net\/es\/wp-json\/wp\/v2\/media?parent=2829"}],"wp:term":[{"taxonomy":"portfolio-types","embeddable":true,"href":"http:\/\/cobame.net\/es\/wp-json\/wp\/v2\/portfolio-types?post=2829"}],"curies":[{"name":"wp","href":"https:\/\/api.w.org\/{rel}","templated":true}]}}

<p>[vc_row][vc_column width=&#8221;2/3&#8243;][vc_single_image source=&#8221;featured_image&#8221; img_size=&#8221;full&#8221; onclick=&#8221;link_image&#8221;][vc_gallery type=&#8221;image_grid&#8221; images=&#8221;2835,2831,2833,2837,2839,2841,2843,2845,2847,2849,2851,2853,2855&#8243; img_size=&#8221;300&#215;300&#8243;][/vc_column][vc_column width=&#8221;1/3&#8243; el_class=&#8221;desc-portafoli&#8221;][vc_custom_heading source=&#8221;post_title&#8221; font_container=&#8221;tag:h1|text_align:left|color:%230a0a0a&#8221; use_theme_fonts=&#8221;yes&#8221;][vc_column_text el_class=&#8221;big&#8221;]</p>
<p class="p1"><span class="s1">Badalona<br />
Reforma integral<br />
Arquitectura y Construcción<br />
</span></p>
<p>[/vc_column_text][vc_column_text]</p>
<p class="p1"><span class="s1">El objetivo de este proyecto es modificar la distribución de la cocina y comedor para convertirlo en un único espacio abierto y renovar las habitaciones y los baños.</span></p>
<p class="p1"><span class="s1">En la planta baja se encuentra la cocina abierta al comedor y ésta se divide de la siguiente manera; una zona de mobiliario tipo columna, una zona de encimera para trabajar donde se encuentra la fregadera y los fogones y finalmente una península que hace también de barra. Predominan los tonos blancos, tanto en los muebles bajos, columnas y encimera combinado con unos muebles altos acabados de madera.</span></p>
<p class="p1"><span class="s1">Se ha iluminado la parte inferior de los muebles altos para dar un contrapunto de calidez en el acabado blanco de los muebles de cocina.</span></p>
<p class="p1"><span class="s1">El pavimento, laminado con acabado de madera, se sitúa en toda la planta baja para enfatizar más la unión entre cocina y comedor.</span></p>
<p class="p1"><span class="s1">Por último, se encuentra un pequeño lavabo independizado que sigue la tónica de colores blancos y acabados de madera de toda la planta baja.</span></p>
<p class="p1"><span class="s1">En la planta superior, todas las habitaciones y distribuidor están pavimentados del mismo material y color que la planta baja y se han pintado las paredes de blanco.</span></p>
<p class="p1"><span class="s1">El baño general, de colores marrones, tiene como particularidad el revestimiento de las zonas del lavabo con una baldosa con textura de aguas horizontales, la utilización de una mampara fija de vidrio sin marco para dar una sensación de amplitud, una zona de almacenaje independiente y un lavabo de una sola pieza con prolongación de la encimera y sin mueble empotrado en la parte inferior para dar más ligereza al conjunto.</span></p>
<p class="p1"><span class="s1">Por otro lado, se encuentra el baño de la suite, donde los colores son de tonos grises con detalles en blanco y cuenta con un lavabo con prolongación de encimera pero, a diferencia del baño general, este si que cuenta con un mueble de almacenaje empotrado compuesto por cuatro cajones en la parte inferior pero con una mínima separación con el pavimento para darle ligereza sin perder volumen de almacenamiento.</span></p>
<p>[/vc_column_text][/vc_column][/vc_row]</p>

<p>[vc_row][vc_column width=&#8221;2/3&#8243;][vc_single_image source=&#8221;featured_image&#8221; img_size=&#8221;full&#8221; onclick=&#8221;link_image&#8221;][vc_gallery type=&#8221;image_grid&#8221; images=&#8221;2835,2831,2833,2837,2839,2841,2843,2845,2847,2849,2851,2853,2855&#8243; img_size=&#8221;300&#215;300&#8243;][/vc_column][vc_column width=&#8221;1/3&#8243; el_class=&#8221;desc-portafoli&#8221;][vc_custom_heading source=&#8221;post_title&#8221; font_container=&#8221;tag:h1|text_align:left|color:%230a0a0a&#8221; use_theme_fonts=&#8221;yes&#8221;][vc_column_text el_class=&#8221;big&#8221;] Badalona Reforma integral Arquitectura y Construcción [/vc_column_text][vc_column_text] El objetivo de este proyecto<span class="excerpt-hellip"> […]</span></p>
