{"id":2977,"date":"2024-03-06T16:37:43","date_gmt":"2024-03-06T15:37:43","guid":{"rendered":"https:\/\/cobame.net\/?post_type=portfolio&#038;p=2977"},"modified":"2024-03-25T09:48:40","modified_gmt":"2024-03-25T08:48:40","slug":"2bcn","status":"publish","type":"portfolio","link":"http:\/\/cobame.net\/es\/proyecto\/2bcn\/","title":{"rendered":"2BCN"},"content":{"rendered":"<p>[vc_row][vc_column width=&#8221;2\/3&#8243;][vc_single_image source=&#8221;featured_image&#8221; img_size=&#8221;full&#8221; onclick=&#8221;link_image&#8221;][vc_gallery type=&#8221;image_grid&#8221; images=&#8221;3003,3005,3007,3009,3011,3013,3015,3017,3019,3021,3023,3025&#8243; img_size=&#8221;300&#215;300&#8243;][\/vc_column][vc_column width=&#8221;1\/3&#8243; el_class=&#8221;desc-portafoli&#8221;][vc_custom_heading source=&#8221;post_title&#8221; font_container=&#8221;tag:h1|text_align:left|color:%230a0a0a&#8221; use_theme_fonts=&#8221;yes&#8221;][vc_column_text el_class=&#8221;big&#8221;]<\/p>\n<p class=\"p1\"><span class=\"s1\">Barcelona<br \/>\nReforma interior<br \/>\nConstrucci\u00f3n<br \/>\n<\/span><\/p>\n<p>[\/vc_column_text][vc_column_text]<\/p>\n<p class=\"p1\"><span class=\"s1\">El objetivo de la reforma de esta peque\u00f1a vivienda ha sido la de ofrecer espacios di\u00e1fanos, para aprovechar al m\u00e1ximo las estancias, manteniendo la esencia de las diferentes texturas y materiales presentes en el estado previo a las obras.<\/p>\n<p>La vivienda consta de una habitaci\u00f3n, un ba\u00f1o y un espacio com\u00fan que engloba el de la sala de estar, comedor y cocina.<\/p>\n<p>Para conseguir un espacio di\u00e1fano, el acceso a la vivienda se unifica con el de la sala de estar, comedor y cocina, formando un \u00fanico espacio.<\/p>\n<p>A su vez, este espacio se encuentra dividido volum\u00e9tricamente en dos partes: una primera parte de doble espacio donde se encuentra el acceso y la sala de estar y una segunda parte con vuelta catalana donde se dispone de la cocina y el comedor.<\/p>\n<p>Por lo que hace los materiales utilizados, destacan la diferente composici\u00f3n de los muros de ladrillo situados en el doble espacio y los ubicados bajo el forjado de vuelta catalana, divididos por un trasdosado pintado de blanco. Por lo que hace el pavimento, es de hormig\u00f3n pulido y unifica los espacios comunes con la habitaci\u00f3n.<\/p>\n<p>Utilizando el mobiliario, se limitan los diferentes espacios de la zona di\u00e1fana: mientras que la cocina se sit\u00faa en el muro divisorio de la habitaci\u00f3n, delante de la cocina y formando una paralela con esta se encuentra el comedor, compuesto por una mesa y un mueble que da servicio tanto a la cocina como a la sala de estar.<\/p>\n<p>En los espacios reducidos, como el de esta vivienda, se buscan soluciones con mobiliario vers\u00e1til, como por ejemplo, la zona del comedor que, a parte de mesa para comer tambi\u00e9n da servicio a la cocina como isla y zona de trabajo y, a su vez, a la sala de estar como zona de oficina en casa.<\/p>\n<p>Los muebles de la cocina son resultado de un juego de acabados entre el blanco y la madera; mientras que el mobiliario es blanco con los muebles altos en madera, el mobiliario del comedor es blanco con la mesa de la misma madera que el mobiliario alto.<\/p>\n<p>La mesa del comedor, realizada a medida en madera, tiene una pata met\u00e1lica que intensifica el estilo industrial del ladrillo visto y el pavimento de hormig\u00f3n.<\/p>\n<p>En la zona de la cocina encontramos una puerta corredera que da acceso a la habitaci\u00f3n y al ba\u00f1o. Las dos estancias siguen el tono industrial de toda la vivienda.<\/p>\n<p>[\/vc_column_text][\/vc_column][\/vc_row]<\/p>\n","protected":false},"excerpt":{"rendered":"<p>[vc_row][vc_column width=&#8221;2\/3&#8243;][vc_single_image source=&#8221;featured_image&#8221; img_size=&#8221;full&#8221; onclick=&#8221;link_image&#8221;][vc_gallery type=&#8221;image_grid&#8221; images=&#8221;3003,3005,3007,3009,3011,3013,3015,3017,3019,3021,3023,3025&#8243; img_size=&#8221;300&#215;300&#8243;][\/vc_column][vc_column width=&#8221;1\/3&#8243; el_class=&#8221;desc-portafoli&#8221;][vc_custom_heading source=&#8221;post_title&#8221; font_container=&#8221;tag:h1|text_align:left|color:%230a0a0a&#8221; use_theme_fonts=&#8221;yes&#8221;][vc_column_text el_class=&#8221;big&#8221;] Barcelona Reforma interior Construcci\u00f3n [\/vc_column_text][vc_column_text] El objetivo de la reforma de esta<span class=\"excerpt-hellip\"> [\u2026]<\/span><\/p>\n","protected":false},"author":3,"featured_media":2979,"menu_order":10,"comment_status":"closed","ping_status":"closed","template":"","meta":[],"portfolio-types":[8,6],"_links":{"self":[{"href":"http:\/\/cobame.net\/es\/wp-json\/wp\/v2\/portfolio\/2977"}],"collection":[{"href":"http:\/\/cobame.net\/es\/wp-json\/wp\/v2\/portfolio"}],"about":[{"href":"http:\/\/cobame.net\/es\/wp-json\/wp\/v2\/types\/portfolio"}],"author":[{"embeddable":true,"href":"http:\/\/cobame.net\/es\/wp-json\/wp\/v2\/users\/3"}],"replies":[{"embeddable":true,"href":"http:\/\/cobame.net\/es\/wp-json\/wp\/v2\/comments?post=2977"}],"wp:featuredmedia":[{"embeddable":true,"href":"http:\/\/cobame.net\/es\/wp-json\/wp\/v2\/media\/2979"}],"wp:attachment":[{"href":"http:\/\/cobame.net\/es\/wp-json\/wp\/v2\/media?parent=2977"}],"wp:term":[{"taxonomy":"portfolio-types","embeddable":true,"href":"http:\/\/cobame.net\/es\/wp-json\/wp\/v2\/portfolio-types?post=2977"}],"curies":[{"name":"wp","href":"https:\/\/api.w.org\/{rel}","templated":true}]}}

<p>[vc_row][vc_column width=&#8221;2/3&#8243;][vc_single_image source=&#8221;featured_image&#8221; img_size=&#8221;full&#8221; onclick=&#8221;link_image&#8221;][vc_gallery type=&#8221;image_grid&#8221; images=&#8221;3003,3005,3007,3009,3011,3013,3015,3017,3019,3021,3023,3025&#8243; img_size=&#8221;300&#215;300&#8243;][/vc_column][vc_column width=&#8221;1/3&#8243; el_class=&#8221;desc-portafoli&#8221;][vc_custom_heading source=&#8221;post_title&#8221; font_container=&#8221;tag:h1|text_align:left|color:%230a0a0a&#8221; use_theme_fonts=&#8221;yes&#8221;][vc_column_text el_class=&#8221;big&#8221;]</p>
<p class="p1"><span class="s1">Barcelona<br />
Reforma interior<br />
Construcción<br />
</span></p>
<p>[/vc_column_text][vc_column_text]</p>
<p class="p1"><span class="s1">El objetivo de la reforma de esta pequeña vivienda ha sido la de ofrecer espacios diáfanos, para aprovechar al máximo las estancias, manteniendo la esencia de las diferentes texturas y materiales presentes en el estado previo a las obras.</p>
<p>La vivienda consta de una habitación, un baño y un espacio común que engloba el de la sala de estar, comedor y cocina.</p>
<p>Para conseguir un espacio diáfano, el acceso a la vivienda se unifica con el de la sala de estar, comedor y cocina, formando un único espacio.</p>
<p>A su vez, este espacio se encuentra dividido volumétricamente en dos partes: una primera parte de doble espacio donde se encuentra el acceso y la sala de estar y una segunda parte con vuelta catalana donde se dispone de la cocina y el comedor.</p>
<p>Por lo que hace los materiales utilizados, destacan la diferente composición de los muros de ladrillo situados en el doble espacio y los ubicados bajo el forjado de vuelta catalana, divididos por un trasdosado pintado de blanco. Por lo que hace el pavimento, es de hormigón pulido y unifica los espacios comunes con la habitación.</p>
<p>Utilizando el mobiliario, se limitan los diferentes espacios de la zona diáfana: mientras que la cocina se sitúa en el muro divisorio de la habitación, delante de la cocina y formando una paralela con esta se encuentra el comedor, compuesto por una mesa y un mueble que da servicio tanto a la cocina como a la sala de estar.</p>
<p>En los espacios reducidos, como el de esta vivienda, se buscan soluciones con mobiliario versátil, como por ejemplo, la zona del comedor que, a parte de mesa para comer también da servicio a la cocina como isla y zona de trabajo y, a su vez, a la sala de estar como zona de oficina en casa.</p>
<p>Los muebles de la cocina son resultado de un juego de acabados entre el blanco y la madera; mientras que el mobiliario es blanco con los muebles altos en madera, el mobiliario del comedor es blanco con la mesa de la misma madera que el mobiliario alto.</p>
<p>La mesa del comedor, realizada a medida en madera, tiene una pata metálica que intensifica el estilo industrial del ladrillo visto y el pavimento de hormigón.</p>
<p>En la zona de la cocina encontramos una puerta corredera que da acceso a la habitación y al baño. Las dos estancias siguen el tono industrial de toda la vivienda.</p>
<p>[/vc_column_text][/vc_column][/vc_row]</p>

<p>[vc_row][vc_column width=&#8221;2/3&#8243;][vc_single_image source=&#8221;featured_image&#8221; img_size=&#8221;full&#8221; onclick=&#8221;link_image&#8221;][vc_gallery type=&#8221;image_grid&#8221; images=&#8221;3003,3005,3007,3009,3011,3013,3015,3017,3019,3021,3023,3025&#8243; img_size=&#8221;300&#215;300&#8243;][/vc_column][vc_column width=&#8221;1/3&#8243; el_class=&#8221;desc-portafoli&#8221;][vc_custom_heading source=&#8221;post_title&#8221; font_container=&#8221;tag:h1|text_align:left|color:%230a0a0a&#8221; use_theme_fonts=&#8221;yes&#8221;][vc_column_text el_class=&#8221;big&#8221;] Barcelona Reforma interior Construcción [/vc_column_text][vc_column_text] El objetivo de la reforma de esta<span class="excerpt-hellip"> […]</span></p>
