{"id":3026,"date":"2024-03-06T16:52:16","date_gmt":"2024-03-06T15:52:16","guid":{"rendered":"https:\/\/cobame.net\/?post_type=portfolio&#038;p=3026"},"modified":"2024-03-25T09:48:04","modified_gmt":"2024-03-25T08:48:04","slug":"les-corts","status":"publish","type":"portfolio","link":"http:\/\/cobame.net\/es\/proyecto\/les-corts\/","title":{"rendered":"LES CORTS"},"content":{"rendered":"<p>[vc_row][vc_column width=&#8221;2\/3&#8243;][vc_single_image source=&#8221;featured_image&#8221; img_size=&#8221;full&#8221; onclick=&#8221;link_image&#8221;][\/vc_column][vc_column width=&#8221;1\/3&#8243; el_class=&#8221;desc-portafoli&#8221;][vc_custom_heading source=&#8221;post_title&#8221; font_container=&#8221;tag:h1|text_align:left|color:%230a0a0a&#8221; use_theme_fonts=&#8221;yes&#8221;][vc_column_text el_class=&#8221;big&#8221;]<\/p>\n<p class=\"p1\"><span class=\"s1\">Barcelona<br \/>\nReforma interior<br \/>\nArquitectura y Construcci\u00f3n<br \/>\n<\/span><\/p>\n<p>[\/vc_column_text][vc_column_text]<\/p>\n<p class=\"p1\"><span class=\"s1\">El proyecto de Les Corts consta de la reforma interior de una vivienda. El objetivo de este proyecto es el de ofrecer m\u00e1s iluminaci\u00f3n natural a todo el piso mediante la creaci\u00f3n de espacios di\u00e1fanos y el uso de colores claros, que contrastan con los detalles en negro.<\/p>\n<p>Por lo que hace el espacio di\u00e1fano, des del vest\u00edbulo de acceso hay un espacio abierto destinado a sala de estar, comedor, cocina y distribuidor. Aunque no hay un cerramiento total en ninguno de estos elementos, la distribuci\u00f3n de las zonas se realiza mediante el encaje de los tabiques y el mobiliario permiten que, aun ser un espacio abierto, se encuentren independizadas.<\/p>\n<p>Un claro ejemplo de estos es la cocina, donde destaca el cerramiento de hierro y vidrio que, privatiza la cocina permitiendo la entrada de luz natural que recibe la sala de estar y el comedor.<\/p>\n<p>En todas las paredes y techos destaca el color blanco, incluyendo las puertas que contrastan con los detalles en negro que encontramos en las carpinter\u00edas exteriores, los tiradores de puertas y mobiliario de cocina, los ventiladores e incluso, una diferenciaci\u00f3n clara en la iluminaci\u00f3n; mientas que las l\u00e1mparas empotradas en el falso techo son blancas para dar sensaci\u00f3n de amplitud en las zonas donde hay menos altura, las l\u00e1mparas de superficie son de color negro para continuar con el juego de contrastes.<\/p>\n<p>Este proyecto consta de dos ba\u00f1os completos; uno con ducha y el otro con ba\u00f1era. Siguiendo con el juego de contrastes entre blancos y negros, las baldosas, tanto del pavimento como del revestimiento son de colores arenosos claros y los detalles, como la carpinter\u00eda exterior, los tiradores de las puertas uy los perfiles de la mampara son de color negro.<\/p>\n<p>El detalle original lo da el acabado del marco del espejo y la grifer\u00eda del lavabo; la de un ba\u00f1o son dorados y la del otro son cromados.<\/p>\n<p>Por \u00faltimo, los muebles de los ba\u00f1os tienen acabado de madera similar al pavimento de toda la vivienda, unificando el dise\u00f1o.<\/p>\n<p><B>En colaboraci\u00f3n con:<\/B><br \/>\nElia Matesanz Quintana, arquitecta.<br \/>\n[\/vc_column_text][\/vc_column][\/vc_row][vc_row][vc_column][vc_column_text]<\/p>\n<p>[\/vc_column_text][vc_gallery type=&#8221;image_grid&#8221; images=&#8221;3028,3036,3038,3040,3042,3044,3046,3048,3050,3052,3054,3056,3058,3030,3032,3034&#8243; img_size=&#8221;300&#215;300&#8243;][\/vc_column][\/vc_row]<\/p>\n","protected":false},"excerpt":{"rendered":"<p>[vc_row][vc_column width=&#8221;2\/3&#8243;][vc_single_image source=&#8221;featured_image&#8221; img_size=&#8221;full&#8221; onclick=&#8221;link_image&#8221;][\/vc_column][vc_column width=&#8221;1\/3&#8243; el_class=&#8221;desc-portafoli&#8221;][vc_custom_heading source=&#8221;post_title&#8221; font_container=&#8221;tag:h1|text_align:left|color:%230a0a0a&#8221; use_theme_fonts=&#8221;yes&#8221;][vc_column_text el_class=&#8221;big&#8221;] Barcelona Reforma interior Arquitectura y Construcci\u00f3n [\/vc_column_text][vc_column_text] El proyecto de Les Corts consta de la<span class=\"excerpt-hellip\"> [\u2026]<\/span><\/p>\n","protected":false},"author":3,"featured_media":3028,"menu_order":9,"comment_status":"closed","ping_status":"closed","template":"","meta":[],"portfolio-types":[7,8,6],"_links":{"self":[{"href":"http:\/\/cobame.net\/es\/wp-json\/wp\/v2\/portfolio\/3026"}],"collection":[{"href":"http:\/\/cobame.net\/es\/wp-json\/wp\/v2\/portfolio"}],"about":[{"href":"http:\/\/cobame.net\/es\/wp-json\/wp\/v2\/types\/portfolio"}],"author":[{"embeddable":true,"href":"http:\/\/cobame.net\/es\/wp-json\/wp\/v2\/users\/3"}],"replies":[{"embeddable":true,"href":"http:\/\/cobame.net\/es\/wp-json\/wp\/v2\/comments?post=3026"}],"wp:featuredmedia":[{"embeddable":true,"href":"http:\/\/cobame.net\/es\/wp-json\/wp\/v2\/media\/3028"}],"wp:attachment":[{"href":"http:\/\/cobame.net\/es\/wp-json\/wp\/v2\/media?parent=3026"}],"wp:term":[{"taxonomy":"portfolio-types","embeddable":true,"href":"http:\/\/cobame.net\/es\/wp-json\/wp\/v2\/portfolio-types?post=3026"}],"curies":[{"name":"wp","href":"https:\/\/api.w.org\/{rel}","templated":true}]}}

<p>[vc_row][vc_column width=&#8221;2/3&#8243;][vc_single_image source=&#8221;featured_image&#8221; img_size=&#8221;full&#8221; onclick=&#8221;link_image&#8221;][/vc_column][vc_column width=&#8221;1/3&#8243; el_class=&#8221;desc-portafoli&#8221;][vc_custom_heading source=&#8221;post_title&#8221; font_container=&#8221;tag:h1|text_align:left|color:%230a0a0a&#8221; use_theme_fonts=&#8221;yes&#8221;][vc_column_text el_class=&#8221;big&#8221;]</p>
<p class="p1"><span class="s1">Barcelona<br />
Reforma interior<br />
Arquitectura y Construcción<br />
</span></p>
<p>[/vc_column_text][vc_column_text]</p>
<p class="p1"><span class="s1">El proyecto de Les Corts consta de la reforma interior de una vivienda. El objetivo de este proyecto es el de ofrecer más iluminación natural a todo el piso mediante la creación de espacios diáfanos y el uso de colores claros, que contrastan con los detalles en negro.</p>
<p>Por lo que hace el espacio diáfano, des del vestíbulo de acceso hay un espacio abierto destinado a sala de estar, comedor, cocina y distribuidor. Aunque no hay un cerramiento total en ninguno de estos elementos, la distribución de las zonas se realiza mediante el encaje de los tabiques y el mobiliario permiten que, aun ser un espacio abierto, se encuentren independizadas.</p>
<p>Un claro ejemplo de estos es la cocina, donde destaca el cerramiento de hierro y vidrio que, privatiza la cocina permitiendo la entrada de luz natural que recibe la sala de estar y el comedor.</p>
<p>En todas las paredes y techos destaca el color blanco, incluyendo las puertas que contrastan con los detalles en negro que encontramos en las carpinterías exteriores, los tiradores de puertas y mobiliario de cocina, los ventiladores e incluso, una diferenciación clara en la iluminación; mientas que las lámparas empotradas en el falso techo son blancas para dar sensación de amplitud en las zonas donde hay menos altura, las lámparas de superficie son de color negro para continuar con el juego de contrastes.</p>
<p>Este proyecto consta de dos baños completos; uno con ducha y el otro con bañera. Siguiendo con el juego de contrastes entre blancos y negros, las baldosas, tanto del pavimento como del revestimiento son de colores arenosos claros y los detalles, como la carpintería exterior, los tiradores de las puertas uy los perfiles de la mampara son de color negro.</p>
<p>El detalle original lo da el acabado del marco del espejo y la grifería del lavabo; la de un baño son dorados y la del otro son cromados.</p>
<p>Por último, los muebles de los baños tienen acabado de madera similar al pavimento de toda la vivienda, unificando el diseño.</p>
<p><B>En colaboración con:</B><br />
Elia Matesanz Quintana, arquitecta.<br />
[/vc_column_text][/vc_column][/vc_row][vc_row][vc_column][vc_column_text]</p>
<p>[/vc_column_text][vc_gallery type=&#8221;image_grid&#8221; images=&#8221;3028,3036,3038,3040,3042,3044,3046,3048,3050,3052,3054,3056,3058,3030,3032,3034&#8243; img_size=&#8221;300&#215;300&#8243;][/vc_column][/vc_row]</p>

<p>[vc_row][vc_column width=&#8221;2/3&#8243;][vc_single_image source=&#8221;featured_image&#8221; img_size=&#8221;full&#8221; onclick=&#8221;link_image&#8221;][/vc_column][vc_column width=&#8221;1/3&#8243; el_class=&#8221;desc-portafoli&#8221;][vc_custom_heading source=&#8221;post_title&#8221; font_container=&#8221;tag:h1|text_align:left|color:%230a0a0a&#8221; use_theme_fonts=&#8221;yes&#8221;][vc_column_text el_class=&#8221;big&#8221;] Barcelona Reforma interior Arquitectura y Construcción [/vc_column_text][vc_column_text] El proyecto de Les Corts consta de la<span class="excerpt-hellip"> […]</span></p>
