{"id":3103,"date":"2024-03-06T17:12:12","date_gmt":"2024-03-06T16:12:12","guid":{"rendered":"https:\/\/cobame.net\/?post_type=portfolio&#038;p=3103"},"modified":"2024-03-25T09:46:55","modified_gmt":"2024-03-25T08:46:55","slug":"atic","status":"publish","type":"portfolio","link":"http:\/\/cobame.net\/es\/proyecto\/atic\/","title":{"rendered":"\u00c1TICO"},"content":{"rendered":"<p>[vc_row][vc_column width=&#8221;2\/3&#8243;][vc_single_image source=&#8221;featured_image&#8221; img_size=&#8221;full&#8221; onclick=&#8221;link_image&#8221;][vc_gallery type=&#8221;image_grid&#8221; images=&#8221;3087,3089,3101,3091,3093,3095,3097&#8243; img_size=&#8221;300&#215;300&#8243;][\/vc_column][vc_column width=&#8221;1\/3&#8243; el_class=&#8221;desc-portafoli&#8221;][vc_custom_heading source=&#8221;post_title&#8221; font_container=&#8221;tag:h1|text_align:left|color:%230a0a0a&#8221; use_theme_fonts=&#8221;yes&#8221;][vc_column_text el_class=&#8221;big&#8221;]<\/p>\n<p class=\"p1\"><span class=\"s1\">Barcelona<br \/>\nAmpliaci\u00f3n y Reforma interior<br \/>\nArquitectura y Construcci\u00f3n<br \/>\n<\/span><\/p>\n<p>[\/vc_column_text][vc_column_text]<\/p>\n<p class=\"p1\"><span class=\"s1\">El proyecto \u00e1tico consta de la ampliaci\u00f3n y reforma de una vivienda situada en la planta \u00e1tico de un edificio barcelon\u00e9s. El objetivo ha sido el difuminar la l\u00ednea que separa los espacios interiores con los exteriores, de forma que la terraza sea una extensi\u00f3n de la sala de estar-comedor.<\/p>\n<p>Por lo que hace la ampliaci\u00f3n, se ha realizado en la zona de la sala de estar-comedor, dejando una terraza en forma de \u201cL\u201d que divide el espacio de la terraza en zona de comedor exterior y zona de sol\u00e1rium y que, comunica directamente con el espacio interior.<\/p>\n<p>Con la adecuaci\u00f3n de la terraza, se ha conseguido bajar de cota el pavimento y hacer m\u00e1s natural esta uni\u00f3n entre el exterior y el interior de la vivienda.<\/p>\n<p>Se ha proyectado una estructura con cerramiento de balconeras correderas con el objetivo de iluminar y ventilar. Se utiliza el mismo pavimento, tanto en el interior como en el exterior, fomentando el objetivo de desdibujar la l\u00ednea entre exterior e interior.<\/p>\n<p>La estructura de la ampliaci\u00f3n permite hacer todos los cerramientos de puertas correderas, teniendo dos fachadas completamente de vidrio con vistas a toda la ciudad de Barcelona.<br \/>\nTanto la estructura como la carpinter\u00eda se ha realizado en color antracita, contrastando con las paredes y el pavimento escogido en tonos claros.<\/p>\n<p>Por lo que hace la reforma interior, aparte de utilizar el mismo pavimento que en el exterior, tambi\u00e9n se ha utilizado el mismo tono de pintura, enfatizando esta relaci\u00f3n entre interior y exterior, objetivo de este proyecto. Tambi\u00e9n se han pintado las puertas de madera, respetando las particularidades de este \u00e1tico del Ensanche, como los pavimentos hidr\u00e1ulicos o los forjados de volta catalana.<\/p>\n<p>[\/vc_column_text][\/vc_column][\/vc_row][vc_row][vc_column][vc_column_text]<\/p>\n<p>[\/vc_column_text][\/vc_column][\/vc_row]<\/p>\n","protected":false},"excerpt":{"rendered":"<p>[vc_row][vc_column width=&#8221;2\/3&#8243;][vc_single_image source=&#8221;featured_image&#8221; img_size=&#8221;full&#8221; onclick=&#8221;link_image&#8221;][vc_gallery type=&#8221;image_grid&#8221; images=&#8221;3087,3089,3101,3091,3093,3095,3097&#8243; img_size=&#8221;300&#215;300&#8243;][\/vc_column][vc_column width=&#8221;1\/3&#8243; el_class=&#8221;desc-portafoli&#8221;][vc_custom_heading source=&#8221;post_title&#8221; font_container=&#8221;tag:h1|text_align:left|color:%230a0a0a&#8221; use_theme_fonts=&#8221;yes&#8221;][vc_column_text el_class=&#8221;big&#8221;] Barcelona Ampliaci\u00f3n y Reforma interior Arquitectura y Construcci\u00f3n [\/vc_column_text][vc_column_text] El proyecto \u00e1tico<span class=\"excerpt-hellip\"> [\u2026]<\/span><\/p>\n","protected":false},"author":3,"featured_media":3099,"menu_order":7,"comment_status":"closed","ping_status":"closed","template":"","meta":[],"portfolio-types":[7,8,6],"_links":{"self":[{"href":"http:\/\/cobame.net\/es\/wp-json\/wp\/v2\/portfolio\/3103"}],"collection":[{"href":"http:\/\/cobame.net\/es\/wp-json\/wp\/v2\/portfolio"}],"about":[{"href":"http:\/\/cobame.net\/es\/wp-json\/wp\/v2\/types\/portfolio"}],"author":[{"embeddable":true,"href":"http:\/\/cobame.net\/es\/wp-json\/wp\/v2\/users\/3"}],"replies":[{"embeddable":true,"href":"http:\/\/cobame.net\/es\/wp-json\/wp\/v2\/comments?post=3103"}],"wp:featuredmedia":[{"embeddable":true,"href":"http:\/\/cobame.net\/es\/wp-json\/wp\/v2\/media\/3099"}],"wp:attachment":[{"href":"http:\/\/cobame.net\/es\/wp-json\/wp\/v2\/media?parent=3103"}],"wp:term":[{"taxonomy":"portfolio-types","embeddable":true,"href":"http:\/\/cobame.net\/es\/wp-json\/wp\/v2\/portfolio-types?post=3103"}],"curies":[{"name":"wp","href":"https:\/\/api.w.org\/{rel}","templated":true}]}}

ÁTICO

<p>[vc_row][vc_column width=&#8221;2/3&#8243;][vc_single_image source=&#8221;featured_image&#8221; img_size=&#8221;full&#8221; onclick=&#8221;link_image&#8221;][vc_gallery type=&#8221;image_grid&#8221; images=&#8221;3087,3089,3101,3091,3093,3095,3097&#8243; img_size=&#8221;300&#215;300&#8243;][/vc_column][vc_column width=&#8221;1/3&#8243; el_class=&#8221;desc-portafoli&#8221;][vc_custom_heading source=&#8221;post_title&#8221; font_container=&#8221;tag:h1|text_align:left|color:%230a0a0a&#8221; use_theme_fonts=&#8221;yes&#8221;][vc_column_text el_class=&#8221;big&#8221;]</p>
<p class="p1"><span class="s1">Barcelona<br />
Ampliación y Reforma interior<br />
Arquitectura y Construcción<br />
</span></p>
<p>[/vc_column_text][vc_column_text]</p>
<p class="p1"><span class="s1">El proyecto ático consta de la ampliación y reforma de una vivienda situada en la planta ático de un edificio barcelonés. El objetivo ha sido el difuminar la línea que separa los espacios interiores con los exteriores, de forma que la terraza sea una extensión de la sala de estar-comedor.</p>
<p>Por lo que hace la ampliación, se ha realizado en la zona de la sala de estar-comedor, dejando una terraza en forma de “L” que divide el espacio de la terraza en zona de comedor exterior y zona de solárium y que, comunica directamente con el espacio interior.</p>
<p>Con la adecuación de la terraza, se ha conseguido bajar de cota el pavimento y hacer más natural esta unión entre el exterior y el interior de la vivienda.</p>
<p>Se ha proyectado una estructura con cerramiento de balconeras correderas con el objetivo de iluminar y ventilar. Se utiliza el mismo pavimento, tanto en el interior como en el exterior, fomentando el objetivo de desdibujar la línea entre exterior e interior.</p>
<p>La estructura de la ampliación permite hacer todos los cerramientos de puertas correderas, teniendo dos fachadas completamente de vidrio con vistas a toda la ciudad de Barcelona.<br />
Tanto la estructura como la carpintería se ha realizado en color antracita, contrastando con las paredes y el pavimento escogido en tonos claros.</p>
<p>Por lo que hace la reforma interior, aparte de utilizar el mismo pavimento que en el exterior, también se ha utilizado el mismo tono de pintura, enfatizando esta relación entre interior y exterior, objetivo de este proyecto. También se han pintado las puertas de madera, respetando las particularidades de este ático del Ensanche, como los pavimentos hidráulicos o los forjados de volta catalana.</p>
<p>[/vc_column_text][/vc_column][/vc_row][vc_row][vc_column][vc_column_text]</p>
<p>[/vc_column_text][/vc_column][/vc_row]</p>

<p>[vc_row][vc_column width=&#8221;2/3&#8243;][vc_single_image source=&#8221;featured_image&#8221; img_size=&#8221;full&#8221; onclick=&#8221;link_image&#8221;][vc_gallery type=&#8221;image_grid&#8221; images=&#8221;3087,3089,3101,3091,3093,3095,3097&#8243; img_size=&#8221;300&#215;300&#8243;][/vc_column][vc_column width=&#8221;1/3&#8243; el_class=&#8221;desc-portafoli&#8221;][vc_custom_heading source=&#8221;post_title&#8221; font_container=&#8221;tag:h1|text_align:left|color:%230a0a0a&#8221; use_theme_fonts=&#8221;yes&#8221;][vc_column_text el_class=&#8221;big&#8221;] Barcelona Ampliación y Reforma interior Arquitectura y Construcción [/vc_column_text][vc_column_text] El proyecto ático<span class="excerpt-hellip"> […]</span></p>
